
1
Calculate the highest common factor of 1533 and 609.
21
What is the highest common factor of 9142 and 14?
14
What is the greatest common factor of 345 and 5727?
69
Calculate the highest common factor of 490 and 10.
10
Calculate the highest common divisor of 4 and 26.
2
Calculate the greatest common divisor of 28 and 8.
4
Calculate the greatest common factor of 5975 and 25.
25
Calculate the highest common factor of 32 and 12.
4
Calculate the highest common factor of 494 and 76.
38
What is the highest common divisor of 115 and 29578?
23
Calculate the greatest common divisor of 16 and 1432.
8
What is the highest common factor of 16 and 142?
2
What is the highest common factor of 44653 and 7?
7
What is the greatest common factor of 6 and 96?
6
What is the highest common factor of 776 and 48?
8
What is the greatest common divisor of 16967 and 57?
19
Calculate the highest common divisor of 147 and 2625.
21
Calculate the highest common divisor of 14375 and 115.
115
Calculate the highest common divisor of 2612 and 4.
4
Calculate the greatest common factor of 153 and 34731.
153
What is the highest common divisor of 1241 and 146?
73
What is the greatest common divisor of 78 and 975?
39
Calculate the greatest common factor of 2000 and 375.
125
What is the highest common divisor of 444 and 12?
12
Calculate the highest common divisor of 468 and 585.
117
Calculate the greatest common factor of 82 and 7749.
41
What is the highest common divisor of 16 and 344?
8
Calculate the greatest common factor of 278 and 4.
2
Calculate the highest common divisor of 1328 and 2407.
83
Calculate the highest common factor of 35 and 95.
5
What is the highest common divisor of 56 and 23044?
28
Calculate the highest common factor of 21583 and 113.
113
Calculate the highest common factor of 544 and 527.
17
Calculate the greatest common divisor of 199 and 68257.
199
What is the greatest common divisor of 126 and 144?
18
Calculate the highest common factor of 7381 and 121.
121
What is the highest common divisor of 1349 and 284?
71
What is the greatest common factor of 561 and 12?
3
What is the greatest common divisor of 128 and 1312?
32
What is the greatest common divisor of 216 and 2?
2
What is the highest common factor of 22188 and 645?
129
What is the highest common factor of 15675 and 209?
209
What is the highest common divisor of 950 and 608?
38
What is the highest common divisor of 1212 and 36?
12
Calculate the greatest common factor of 11651 and 122.
61
Calculate the highest common factor of 31332 and 24.
12
What is the highest common divisor of 12 and 30?
6
What is the highest common divisor of 850 and 10?
10
What is the highest common factor of 66 and 165?
33
Calculate the greatest common divisor of 28 and 88.
4
Calculate the greatest common divisor of 1786 and 846.
94
What is the highest common divisor of 4148 and 6588?
244
Calculate the greatest common factor of 8 and 6616.
8
What is the greatest common factor of 8201 and 695?
139
What is the highest common factor of 81 and 1053?
81
What is the greatest common factor of 8 and 92?
4
What is the greatest common divisor of 7984 and 80?
16
What is the greatest common divisor of 3 and 33?
3
What is the greatest common factor of 22 and 20361?
11
What is the greatest common divisor of 845 and 8320?
65
What is the highest common divisor of 290 and 52780?
290
Calculate the highest common factor of 79 and 46373.
79
Calculate the greatest common factor of 160 and 30.
10
Calculate the highest common factor of 335 and 469.
67
Calculate the highest common factor of 20 and 1844.
4
Calculate the highest common factor of 40 and 440.
40
Calculate the greatest common divisor of 410 and 10.
10
Calculate the highest common factor of 26 and 17134.
26
What is the greatest common factor of 2337 and 3936?
123
Calculate the greatest common factor of 1944 and 36.
36
Calculate the greatest common divisor of 8 and 7016.
8
What is the highest common divisor of 1292 and 51?
17
What is the highest common factor of 60 and 220?
20
What is the highest common factor of 833 and 343?
49
Calculate the highest common factor of 1265 and 55.
55
What is the greatest common divisor of 11 and 737?
11
Calculate the greatest common divisor of 63 and 18.
9
Calculate the greatest common factor of 1022 and 4526.
146
What is the highest common divisor of 504 and 5880?
168
Calculate the greatest common divisor of 60 and 36.
12
What is the greatest common divisor of 2159 and 17?
17
What is the highest common factor of 12 and 204?
12
Calculate the greatest common divisor of 24 and 588.
12
Calculate the greatest common factor of 7 and 4501.
7
What is the greatest common factor of 24 and 3432?
24
What is the greatest common divisor of 43 and 172?
43
What is the greatest common divisor of 1680 and 28?
28
Calculate the greatest common divisor of 16 and 56.
8
Calculate the highest common factor of 2 and 458.
2
Calculate the highest common factor of 34 and 41344.
34
Calculate the highest common factor of 83 and 332.
83
What is the greatest common divisor of 522 and 58?
58
Calculate the greatest common divisor of 35 and 70.
35
What is the highest common factor of 102 and 1173?
51
What is the highest common factor of 7 and 157?
1
What is the highest common divisor of 1320 and 6732?
132
What is the highest common factor of 216 and 48?
24
What is the greatest common factor of 54 and 126?
18
Calculate the highest common factor of 240 and 5784.
24
What is the highest common factor of 67 and 8?
1
What is the greatest common factor of 1464 and 24?
24
What is the highest common divisor of 1312 and 246?
82
What is the highest common factor of 490 and 700?
70
Calculate the greatest common divisor of 301 and 129.
43
What is the highest common divisor of 1558 and 114?
38
What is the greatest common divisor of 4 and 292?
4
What is the greatest common factor of 17605 and 70?
35
Calculate the greatest common divisor of 481 and 74.
37
What is the greatest common factor of 87 and 9483?
87
What is the greatest common divisor of 6 and 258?
6
What is the greatest common factor of 1305 and 1015?
145
What is the greatest common factor of 40 and 40?
40
What is the highest common factor of 1106 and 938?
14
Calculate the greatest common factor of 187 and 17.
17
Calculate the highest common factor of 42 and 70.
14
What is the greatest common divisor of 71 and 781?
71
What is the highest common divisor of 525 and 675?
75
What is the highest common factor of 51 and 108?
3
What is the highest common factor of 248 and 16?
8
What is the greatest common divisor of 2475 and 198?
99
Calculate the highest common divisor of 1113 and 84.
21
What is the greatest common divisor of 133 and 1501?
19
What is the greatest common factor of 644 and 28?
28
What is the greatest common divisor of 12795 and 15?
15
Calculate the greatest common factor of 56 and 406.
14
What is the greatest common factor of 5523 and 63?
21
Calculate the highest common divisor of 3 and 1929.
3
Calculate the highest common factor of 2562 and 105.
21
Calculate the highest common factor of 144 and 45.
9
What is the highest common divisor of 28 and 384?
4
Calculate the greatest common factor of 2507 and 713.
23
What is the greatest common divisor of 104 and 130?
26
What is the highest common factor of 418 and 44?
22
What is the highest common divisor of 195 and 9?
3
What is the highest common factor of 114 and 4066?
38
Calculate the greatest common factor of 20 and 90.
10
What is the highest common factor of 408 and 153?
51
Calculate the greatest common factor of 60 and 105.
15
Calculate the highest common divisor of 213 and 4757.
71
Calculate the greatest common factor of 41 and 3854.
41
What is the highest common factor of 480 and 2055?
15
What is the highest common divisor of 25 and 625?
25
Calculate the greatest common factor of 1792 and 384.
128
What is the greatest common factor of 14 and 105?
7
Calculate the greatest common factor of 20 and 20.
20
Calculate the highest common factor of 108 and 8.
4
Calculate the greatest common divisor of 164 and 16.
4
Calculate the greatest common divisor of 480 and 24.
24
Calculate the greatest common factor of 16676 and 44.
44
Calculate the greatest common divisor of 184 and 2254.
46
Calculate the hi